, 229
Suppose 0 = 15*t + 18283 - 96703. What are the prime factors of t?
2, 1307
Let b be (-3 + -3 - -1107)*4/12. Let y = b + -65. What are the prime factors of y?
2, 151
Let x(h) = -h**3 - 3*h**2 + 4*h + 6. Let t be x(-5). Suppose -3*m + t + 57 = 0. Let i = 58 - m. List the prime factors of i.
3
Let z = 2886 + 1306. What are the prime factors of z?
2, 131
Let g(h) = -h**3 + 27*h**2 - 6*h - 35. Let y be g(26). Let b be 1*-2*y/(-10). Suppose -a + q - 330 = -4*a, -a = -4*q - b. What are the prime factors of a?
109
Suppose -2*o + 3*t = -412, 3*o - 618 = 10*t - 14*t. Let h = -154 + o. What are the prime factors of h?
2, 13
Suppose 6*r - 234 = -3*r. Let v = 0 + r. What are the prime factors of v/65 - (-606)/10?
61
Let c(f) = -f**3 - 13*f**2 - f - 23. Let a be c(-13). List the prime factors of 18/30 - 3704/a.
7, 53
Suppose 4*c + 4 = 2*g, 0*c - 6 = -2*g + 2*c. Suppose a + g*a + 50 = -5*o, 4*a - 3*o + 12 = 0. List the prime factors of (-36)/(-2) - (a + 4).
2, 5
Suppose -26 = a - 44. Suppose 2*p = p - 1, 3*s - a = -3*p. Suppose -44 = -s*j + 131. What are the prime factors of j?
5
Let h = 39 + -11. Let q be (5/((-75)/(-18)))/(20/450). Suppose -z - o + q = o, o - h = -z. List the prime factors of z.
29
Suppose o - 55 = 29. Suppose -69*x = -o*x + 12015. What are the prime factors of x?
3, 89
Suppose -6*s + 357 + 513 = 0. Let z = 639 + s. List the prime factors of z.
2, 7
Suppose 2*t + 0 - 4 = 0, -1246 = 5*i + 2*t. Let g = i + 667. What are the prime factors of g?
3, 139
Suppose 2*r - 5*r = -4*s + 6, 0 = -r - 5*s + 17. Suppose -4*t + r*o + 84 = -o, -4*t - 2*o + 64 = 0. What are the prime factors of t?
2, 3
Suppose 0*r - 3*r + 8 = 2*y, 0 = -r + 5*y - 20. Let t be r + 7/((-7)/(-90)). List the prime factors of 9290/t + 2/(-9).
103
Suppose -1014 - 1126 = -5*g. Let l = 180 + g. What are the prime factors of l?
2, 19
Let s = -116 + 64. Let v = s + 50. List the prime factors of -4*(v - (-4 + 1)) + 134.
2, 5, 13
Suppose -9*h + 136 = 2*u, -4*h - 4 = 12. What are the prime factors of u?
2, 43
Let f = 57 + -57. Let u(z) = z**2 + 470. List the prime factors of u(f).
2, 5, 47
Let b(f) = 604*f. Suppose -22 - 16 = -19*u. What are the prime factors of b(u)?
2, 151
Let g = -129 - 33. Let l be g/(-4) - ((-36)/(-8) - 4). Let k = l + 43. What are the prime factors of k?
83
Let x be (0 + -1)*(-12 - -8). Let o be ((-264)/3)/(2 - x). Suppose p + 10 = o. What are the prime factors of p?
2, 17
Let g = -122 + 260. Suppose 5*q - 247 = g. Suppose 6*a = 203 - q. What are the prime factors of a?
3, 7
Let p(z) = -56*z + 11. Suppose k = 7*g - 8*g - 8, 0 = -5*g + 4*k - 40. What are the prime factors of p(g)?
3, 17
Suppose 7*o + 138 - 54 = 0. Let l(k) = 13*k**2 - 169*k**3 + 16*k - 17*k + 12 + 170*k**3. List the prime factors of l(o).
2, 3, 7
Let m = 30730 + -7986. What are the prime factors of m?
2, 2843
Suppose 3*d - 5*d + 476 = 0. Suppose 0 = 21*z - 23*z + d. List the prime factors of z.
7, 17
Let b(l) = 13*l**2 + 8*l + 1. Let s be b(7). Let f = s - 410. List the prime factors of f.
2, 71
Let h = -4 - -6. Let s be 154 + (14/(-6))/(1/3). Suppose -h*p + s = -5*t, -2*p + 36 = -4*t - 116. List the prime factors of p.
2, 43
Let q be (-1)/(-5) + ((-18486)/(-45) - -5). Let u = 841 - q. List the prime factors of u.
5, 17
Let y = -24655 - -79684. List the prime factors of y.
3, 13, 17, 83
List the prime factors of (20/35)/2 - 104/(-28) - -21535.
7, 17, 181
Let v(h) be the second derivative of h**5/20 - h**4/3 + 3*h**3/2 - 12*h**2 - 49*h. List the prime factors of v(8).
2, 19
Suppose -14*y = -11*y + 1917 - 17151. List the prime factors of y.
2, 2539
Suppose 6*p - 3*p - 9 = 2*a, 0 = 5*p + 4*a - 37. Let x = 89 - p. What are the prime factors of x?
2, 3, 7
Suppose -5*s + 87 = 92. What are the prime factors of -1 - -2 - (-661 + -3 + s)?
2, 3, 37
Let t(m) = 19 + 8 - 15*m - 20*m - 5. List the prime factors of t(-11).
11, 37
Let l be 12/16*6/(-9)*-4. Suppose -4*a = -5*s + 7, -l*a = 3*s + 2*a + 15. List the prime factors of (536/(-5) - 3/(-15))*s.
107
Let u be (2 - (-15)/(-6)) + (-38)/4. Let t be u/(-5)*2/(-4). List the prime factors of (1/t)/((-1)/60).
2, 3, 5
What are the prime factors of (-24531)/(-4) - 156/208?
2, 3, 7, 73
Suppose -9*r = 739 + 449. List the prime factors of r/5*(-80)/24.
2, 11
What are the prime factors of -12 - (-24595 + 80/16)?
2, 12289
Let n be (27/6 + -4)*8. List the prime factors of (-334)/n*-4 + -1.
3, 37
Suppose -475*x + 478*x + 4*v = 38368, 3*v + 51174 = 4*x. What are the prime factors of x?
2, 3, 13, 41
Let w(v) = -5*v**3 - 4*v**2 + 6*v + 9. Let z(c) = 2*c**3 - 7*c**2 - 7*c + 7. Let q be z(4). List the prime factors of w(q).
2, 3, 7
Let a be (-2 + 4)*45/(-10). Let y be a/6*2 + 372. List the prime factors of y/3 + 4 - 0.
127
Let m be 2 + (0 - (7 + -5)). Let k(n) = n**3 + n**2 - 2*n - 3. Let p be k(m). List the prime factors of (-9 + -51)/(p/2).
2, 5
Let p be 3*(1 - (2 + -2)). Suppose 3*u = -n - 145, -3*n - u - 112 = 355. List the prime factors of n/(-4) + p/(-12).
3, 13
Let k(x) be the second derivative of 7*x**3 + 50*x**2 - 3*x. List the prime factors of k(19).
2, 449
Let g = 641 + -623. Suppose -15*h - g*h + 20856 = 0. List the prime factors of h.
2, 79
Let i(u) = -4*u - 17. Let p be i(-5). What are the prime factors of 202 - 2 - (-4 + p)?
3, 67
What are the prime factors of ((-2)/(4/4491))/((-2955)/13790)?
3, 7, 499
Suppose -12 = t - 15. Suppose -j + 10*z - 5*z = -150, j = -t*z + 166. Suppose -5*f + 10 = 0, b - 3*b = -f - j. What are the prime factors of b?
3
Suppose 2205 - 19669 = -8*a. Suppose 5*f - a = 222. What are the prime factors of f?
13, 37
Let v = -1 - 5. Let l be (12 - v)/(-6) - (0 + -548). Suppose -2*f - 3*f + l = 0. What are the prime factors of f?
109
Let s(z) = z + 2. Let b be s(-1). Let l be -269 + (-2)/(b - 0). Let v = -185 - l. What are the prime factors of v?
2, 43
Suppose -18*l - 1923 = -7467. Suppose -l*h - 1134 = -311*h. List the prime factors of h.
2, 3, 7
Suppose -f = -c - 30300, 146*f - 143*f + 3*c = 90864. List the prime factors of f.
2, 3, 11, 17
Suppose 1331847 = 20*l + 86*l - 7*l. What are the prime factors of l?
11, 1223
Let k = -77 - -101. Suppose 0 = -c + 4*y + k, -12 = c - 3*c - y. Suppose -c*w = -4*w - 204. List the prime factors of w.
3, 17
Let q(r) = 59*r**2 - 13*r - 37. What are the prime factors of q(-5)?
3, 167
Let m = 315 - 135. Suppose -186*o = -m*o - 4800. List the prime factors of o.
2, 5
What are the prime factors of 1/2*((-4)/(-10) + 4325344/40)?
13, 4159
Let k(n) = -1902*n - 1122. List the prime factors of k(-7).
2, 3, 127
Let c(y) = -4*y**2 + 15*y - 12. Let i be c(6). Let g be (-4)/3*(2 + i/24). Suppose g = -b, -5*l = -b - 3*b - 489. List the prime factors of l.
97
Suppose 0 = 15*g - 15187 + 1612. List the prime factors of g.
5, 181
Suppose -2*y - 4*b - 12604 = -4*y, -25168 = -4*y - 2*b. Suppose -5*t + y = -3*m, -2*t + 4*m - 7*m + 2526 = 0. What are the prime factors of t?
2, 3, 5, 7
Suppose 3*y + 14 = -28. Let q(f) = -f**2 - 22*f + 25. Let d be q(y). Suppose d = x + 3*w, 0 = 2*x - 5*w - 104 - 137. List the prime factors of x.
2
Suppose 0 = 3*z - 4*k - 8474, -7*z + 10*z - 8479 = -k. What are the prime factors of z?
2, 3, 157
Let r(z) = 18*z**2 - 180*z + 30. What are the prime factors of r(-11)?
2, 3, 349
Let j = -174 - -13471. List the prime factors of j.
13297
Let o(h) = -h**3 + 10*h**2 - 18*h + 49. Let r be o(9). Let p = r - -416. List the prime factors of p.
2, 3
Suppose -2*m + 7*m = 35. Let h be (6/(-3))/(m/((-1708)/8)). What are the prime factors of ((4 - 5) + (-2 - -5))*h?
2, 61
Let b(o) = -o**2 - 11*o - 5. Let p be b(-9). Suppose 12 = p*r - 10*r. Suppose 6*k + x - 24 = r*k, -2*k = -x - 32. List the prime factors of k.
2, 7
Let z be (-324)/1 - (-6 + 1 - -8). Let n = -3 - z. List the prime factors of n.
2, 3
Suppose 16*v - 26809 = -17*v + 56219. List the prime factors of v.
2, 17, 37
Suppose -5045 = -5*v + 5*i, 5*v - 3207 = 2*i + 1844. Suppose 3125 = 8*x - v. What are the prime factors of x?
11, 47
List the prime factors of 8445 + (-20)/(-25)*(-20)/4 + 11.
2, 2113
Let w be 2/(-10) - (-52)/10. Suppose 5*u - 3162 = 5*a - 447, w*a = 25. What are the prime factors of u?
2, 137
Let g(c) be the second derivative of c**5/10 + c**4/6 + c**3/6 + 17*c**2/2 + 13*c - 2. What are the prime factors of g(6)?
17, 31
List the prime fa